 Give p(2).
-2
Let l(g) = -g**3 - g**2 - g - 2. Let d(v) = 7*v**3 - 12*v + 22. Let k(r) = -d(r) - 6*l(r). What is k(8)?
6
Let v(d) be the second derivative of -d**4/12 - 11*d**3/6 - 5*d**2 + 168*d. What is v(-8)?
14
Let i(n) be the third derivative of n**6/20 + n**5/60 + n**4/24 + 126*n**2. Calculate i(-1).
-6
Let r(m) be the second derivative of m**3/2 + 5*m**2 - 658*m. Give r(-14).
-32
Let h(p) = -p**2 + 8*p. Let j be -10*(-2 - (-84)/15). Let c be 2/(-9) - 224/j. What is h(c)?
12
Let g = 305 + -304. Let n(o) = -17*o**2 + 2*o - 1. Give n(g).
-16
Suppose -5*n + 262 = -4*k, 4*n - 2*n - 5*k - 115 = 0. Let a = n - 47. Let r(d) = 3 - 3*d + 0 + 2*d - 1. Determine r(a).
-1
Let o(j) be the third derivative of -j**6/12 + j**5/30 + j**4/24 - 18*j**2. Give o(-1).
11
Let u(f) = -2*f + 1. Let l = 212 + -209. What is u(l)?
-5
Let p(d) = 9*d. Let y be -2 - 0 - (13 - 3). Let w = -15 - y. Let g = w + 2. Calculate p(g).
-9
Let n be 162*(-1 - 0)/(-2). Let b(h) = -n - h**3 + 40 + 4*h + 45 - 3*h**2. Determine b(-3).
-8
Let z(g) = -g**3 + g**2 - 6*g - 4. Let x be z(-3). Let j(d) = 4 - 2 - 3 - x*d - d**2 + 53*d. What is j(3)?
-1
Let z(x) = x**3 - 15*x**2 - 18*x + 36. Let h(q) = -q**3 - 8*q**2 - 4*q + 37. Let r be h(-7). What is z(r)?
4
Let d be ((-1)/((-8)/32))/((-2)/2). Let v(t) be the second derivative of -t**5/20 - t**4/4 + 5*t**3/6 + 2*t**2 + 12*t. What is v(d)?
0
Suppose -4*h + 15 = v - h, 3*h - 39 = -3*v. Suppose -v + 32 = 5*c. Let k(m) = -2*m. Let o(i) = -3*i. Let g(t) = -2*k(t) + o(t). What is g(c)?
4
Let n(k) = k**3 - k**2 + 10 - 2*k - 8 + 0*k**3 - 4. What is n(-1)?
-2
Let m(i) = -i**2 - 4. Let y = 0 - 0. Let f(k) be the first derivative of k**2/2 - 3*k + 45. Let o be f(y). Determine m(o).
-13
Let b(w) = 3*w + 5. Let a be (1 + -8 + 3)*2. Give b(a).
-19
Let t(w) be the first derivative of -w**7/840 + w**6/36 - w**5/12 + w**4/4 + 8*w**3/3 - 1. Let i(n) be the third derivative of t(n). Give i(9).
-3
Let i(u) be the first derivative of -u**6/360 + u**5/60 - u**4/24 + u**3/3 - 20. Let a(h) be the third derivative of i(h). Give a(-3).
-16
Let o(g) = 4*g - 10. Suppose 0 = 3*j + 3*s - 6, 3 = -3*j + 5*j + 3*s. What is o(j)?
2
Let q = -11 + 20. Let l(w) = q + w - 15 - 3*w. What is l(-4)?
2
Let k(x) = 5*x**3 - 7*x**2 + 14*x - 6. Let h(g) = 4*g**3 - 7*g**2 + 13*g - 6. Let o(y) = 4*h(y) - 3*k(y). Let n = 106 - 100. Determine o(n).
18
Let w(y) be the second derivative of y**4/4 - 5*y**3/6 + 3*y**2/2 + 18*y. Let f(c) = -7*c**2 + 10*c - 5. Let m(x) = 2*f(x) + 5*w(x). Give m(5).
5
Let l be 7 + -1*(-1 - -2). Suppose -5*z + 19 = g + 5, 0 = -5*z - 4*g + 26. Let p(o) = -4*o**3 - 11*o**3 - 6*o**z - 2*o + 9 + 16*o**3. What is p(l)?
-3
Let i(h) = h**2 - 2*h + 4. Let k = 17 + -50. Let f = -28 - k. Give i(f).
19
Let p(l) be the first derivative of -l**3/3 + 7*l**2/2 + 2*l - 107. Calculate p(7).
2
Let b(w) be the first derivative of -w**2/2 - 9*w + 1. Suppose 0 = -15*s - 104 - 1. Calculate b(s).
-2
Let o(i) = -i**3 - 6*i**2 - 5*i + 4. Suppose -42 = -3*w - 3*v, 5*w = -3*v + 5 + 59. Let u = 12 - w. Let j = -5 + u. Determine o(j).
-8
Let y(l) = -2*l**3 - 36*l**2 + 39*l + 19. Let j be y(-19). Let z(p) = -4*p - 22. Let t(i) = i + 1. Let h(x) = 5*t(x) + z(x). What is h(j)?
-17
Let p(o) be the second derivative of o**4/12 - 5*o**3/2 - 17*o**2/2 - 1011*o. Determine p(18).
37
Suppose -c - 2*o = 2*c - 16, 10 = 2*c + 2*o. Suppose 5*x - 7 = 4*b, 2*b + 7 - 26 = -5*x. Let q(w) = -w - 16 + b*w + 11. Give q(c).
1
Suppose 0*x + 2*x = 0. Let n be 47/(-7) + 7 + 2/(-7). Let f(k) = n*k - 3 - 2*k + x*k. Determine f(-4).
5
Let f(q) = -q - 18. Let i be (8/6)/((-21)/126). Calculate f(i).
-10
Let v(m) = 7*m**2 - 22*m - 7. Let n(h) = 10*h**2 - 32*h - 10. Let o(l) = -5*n(l) + 7*v(l). Calculate o(3).
10
Let k = -14 + 16. Let y(l) = -l**3 - 58*l + 5*l**k + 30*l + 1 + 25*l. Give y(4).
5
Let z(n) = 7*n**2 + 3*n**2 + 15*n - 16*n. Suppose -3*r = -15, -w - 24 = -5*r + 2. What is z(w)?
11
Let k(b) = -2*b - 4. Let y(t) = 3*t + 3. Let f(u) = -2*k(u) - 3*y(u). Let l be f(-1). Suppose -n = m + 1, 2*n + m + l = -3*m. Let z(a) = a + 6. Calculate z(n).
6
Suppose -y = -4*n - 4, 31*n = 33*n - 4*y + 16. Let k(d) be the third derivative of 1/60*d**5 + n + 1/6*d**3 - 4*d**2 + 0*d - 5/24*d**4. Determine k(4).
-3
Let s = 14 - 10. Let m(a) = 38*a**3 + 37*a**3 - 5*a**2 - 4 - 74*a**3 - 2*a + 8*a. Give m(s).
4
Let h(y) = -4*y**3 + 7*y**2 + 7*y - 4. Let i(d) = -5*d**3 + 8*d**2 + 8*d - 5. Let f(q) = 6*h(q) - 5*i(q). Calculate f(-2).
-3
Let v(y) = 700*y + 1 + 3 - 699*y. Give v(-4).
0
Let u(g) = -20795 + 20769 + g - 3*g. Give u(-15).
4
Let t(p) = -p**2 + p + 11. Let c(s) = 2*s + 3. Let w be c(-2). Let b be 0*(4 - 3)*w. Suppose b = -2*g + 5*g. Give t(g).
11
Let t(s) = 233*s**2 - 702*s**2 + s**3 + 13 + 1 + 232*s**2 + 233*s**2 - 8*s. Give t(5).
-1
Let n(i) = 3*i**3 - 6*i**2 + 8*i + 4. Let o(v) = -v**3 - 3*v. Let k(a) = -n(a) - 4*o(a). Determine k(-5).
1
Let j(o) = -o**2 + 3*o + 2. Suppose n = -2 + 6. Suppose -2*z - 2*y + n = 0, z - 4*y = 6 + 21. Let l be 2/5*(z - 2). What is j(l)?
4
Let v(y) be the third derivative of y**4/12 - 5*y**3/6 - 2*y**2. Let p(n) = 5*n - 14. Let o(g) = -6*p(g) + 17*v(g). Let r = 130 - 134. Determine o(r).
-17
Let z(k) = -2*k**3 - 14*k**2 - 4*k. Let d(a) = a**3 + 6*a**2 + 2*a. Let l(j) = -5*d(j) - 2*z(j). What is l(-2)?
4
Let h(p) be the second derivative of 1/2*p**2 - 1/3*p**4 - 6*p + 0 + 1/6*p**3. Calculate h(2).
-13
Suppose 2*o - 2 - 2 = 0. Let k be (-260)/50 + o/(-20)*-2. Let m(c) = -4*c + 7. Let a(r) = -r. Let v(s) = 5*a(s) - m(s). Give v(k).
-2
Let p(i) = -i - 10. Suppose -4*f + 35 - 98 = 5*g, -g = 3. Give p(f).
2
Let o(v) = v**2 - 3*v - 6. Let z be (2 - -4)*(-2)/4. Let w be o(z). Suppose 0 = -2*n - 4*i + 5 + 1, -4*n + w = -i. Let x(g) = -g**2 + 5*g + 4. What is x(n)?
10
Let s(l) = 4*l + 12. Let t(x) = 13*x + 37. Let k(o) = -7*s(o) + 2*t(o). What is k(7)?
-24
Let b(z) = -9*z + 58. Suppose -12 = -1308*a + 1306*a. Determine b(a).
4
Let j(x) be the second derivative of x**3/6 - 13*x**2/2 - x - 24. Determine j(11).
-2
Suppose -13*w + 44 = -2*w. Let o(h) = h**2 + 3*h - 12. Determine o(w).
16
Let y be -2 + ((-24)/15 - -1)*-5. Let i(x) = 4 - 1 + y + 2*x - 5. Calculate i(6).
11
Let m be -7 + 4 + 5 + 38. Let l be 3/(-2)*m/(-12). Let w(h) = -h**3 + 6*h**2 - 6*h + 5. Calculate w(l).
0
Let z(t) be the second derivative of -1/60*t**5 - 1/12*t**4 + 0 + 0*t**2 - 1/3*t**3 - 3*t. Let x(u) be the second derivative of z(u). What is x(4)?
-10
Let p(s) = -2*s**2 + 2*s - 3. Let x be (-5)/(-6) + 5/(300/130). Determine p(x).
-15
Let k be (2/10*-26)/(12/(-30)). Let j(t) = -t**2 + 13*t - 8. Determine j(k).
-8
Let f(k) = 4*k**3 + 2*k**3 - k**3 - 6*k**3 - 6*k + 6*k**2 + 4. Let y = 10 - 5. Give f(y).
-1
Suppose 148 = 7*y + 764. Let d = 81 + y. Let t(i) = i**2 + 6*i - 9. Determine t(d).
-2
Let h(c) be the third derivative of -c**6/120 + c**5/60 - c**4/24 - 2*c**3/3 + 4*c**2 - 17. What is h(0)?
-4
Suppose -139*b = -147*b - 48. Let w(z) = 4*z + 26. What is w(b)?
2
Suppose 0 = -6*m - 102 - 12. Let x(w) = w**3 + 19*w**2 + w + 22. Determine x(m).
3
Let y(q) = 3*q**2 - 1. Let b = -1 - 7. Let h = b + 11. Let k be h*(16/(-12))/(-2). What is y(k)?
11
Let u(a) = -2*a - 4. Let p(h) = -h + 1. Let j(v) = -p(v) + u(v). Suppose 2*d - 18 = 2*o, 3*d - 5 = 5*o + 8*d. What is j(o)?
0
Let a(v) = -7*v + 5. Let t = 101 - 101. What is a(t)?
5
Let y(n) be the third derivative of n**6/120 - n**5/12 - n**4/24 - n**3/6 - 7*n**2 + 9. Determine y(6).
29
Let z(s) be the second derivative of s**4/12 + 5*s**3/3 - s + 41. What is z(-10)?
0
Let w(r) = -2*r**2 - 3*r - 2. Let x = 33 + -26. Let g(y) be the third derivative of -y**4/24 + 5*y**3/6 - y**2. Let i be g(x). Calculate w(i).
-4
Let l(b) = b. Let u = -249 + 245. Give l(u).
-4
Let p(u) = 142*u + 11 - 76*u - 4 - 67*u + 6. Calculate p(18).
-5
Let j = 12 - 7. Suppose -j*t + 24 = 4. Let c(s) = -s**3 + 3*s**2 + 5*s + 1. Determine c(t).
5
Suppose -3*m - 129 = -165. Let r be -2 + (-24)/2*-2. Suppose -r*h + 25*h - m = 0. Let b(p) = p**3 - 5*p**2 + 5*p + 3. What is b(h)?
7
Let a(g) = g**2 - 12*g + 2. Let i = 166 - 155. What is a(i)?
-9
Suppose -25*i + 50 = -25. Let n(b) = -b**3 + 5*b - 2. Give n(i).
-14
Let w(a) = -3*a - 1. Let o(d) = 7*d + 2. Let y(s) = -o(s) - 2*w(s). Let i(m) = m**3 - m + 5. Let x be i(0). Calculate y(x).